{"id":95,"date":"2012-07-18T17:00:06","date_gmt":"2012-07-18T17:00:06","guid":{"rendered":"http:\/\/www.naturallifebuilding.de\/?page_id=95"},"modified":"2021-10-25T08:24:48","modified_gmt":"2021-10-25T08:24:48","slug":"home","status":"publish","type":"page","link":"https:\/\/www.naturallifebuilding.de\/","title":{"rendered":"Innenr\u00e4ume gestalten"},"content":{"rendered":"<p>Ich bin Sjoerd Takken und habe ein Unternehmen mit nat\u00fcrlichen Materialien gegr\u00fcndet.<\/p>\n<p>Dieses Unternehmen gestaltet\u00a0 Innenr\u00e4ume mit Lehm,\u00a0 Lehmfarben, pflanzliche Farben und Mineralfarben.<\/p>\n<p>Ich bin dankbar, dass ich mit diesen Produkte arbeite.\u00a0 Es ist ein Genuss.<\/p>\n<p>Alle Produkte sind auf einfache Weise aufzutragen. Wenn Sie m\u00f6chten, k\u00f6nnen wir auch zusammen arbeiten.<\/p>\n<p>Jedes\u00a0 Produkt, das ich verarbeite, hat unterschiedliche Eigenschaften.<\/p>\n<p><strong>Lehm<\/strong> ist einfach im Boden zu finden und besteht aus Ton, Sand und Schluff (Feinstsande). Mit Wasser vermischt wird dieses Produkt auf die Wand aufgetragen.<\/p>\n<p><strong>Lehmfarbe<\/strong> ist ein Lehm- Farbgemisch. Der Tonbestanteil in der Lehmfarbe dient als Bindmittel und gibt den W\u00e4nden ihre Farbet\u00f6ne.<\/p>\n<p>Pflanzliche \u00d6le und Baumharz vermengt mit erd- oder mineralischen Pigmenten sind die Basis f\u00fcr <strong>pflanzliche Farben<\/strong>.<\/p>\n<p>Wenn <strong>Mineralfarben<\/strong> aufgetragen werden beginnt ein Prozess: eine Verkieselung von Mineralien mit der Wand. Dieser Prozess ist auch in H\u00f6hlen bei der Entstehung von Stalaktiten und Stalakmiten zu beobachten. Dieser Prozess verleiht der Wand eine robuste Oberfl\u00e4che.<\/p>\n<p>F\u00fcr weitere Informationen k\u00f6nnen Sie mich gerne kontaktieren.<\/p>\n<h2><\/h2>\n<p style=\"text-align: center;\"><img loading=\"lazy\" decoding=\"async\" class=\"alignnone wp-image-978\" src=\"https:\/\/www.naturallifebuilding.de\/uploads\/2016\/08\/P_yin_yang.svg_-150x150.png\" alt=\"P_yin_yang.svg\" width=\"50\" height=\"45\" srcset=\"https:\/\/www.naturallifebuilding.de\/uploads\/2016\/08\/P_yin_yang.svg_-167x150.png 167w, https:\/\/www.naturallifebuilding.de\/uploads\/2016\/08\/P_yin_yang.svg_.png 267w\" sizes=\"auto, (max-width: 50px) 100vw, 50px\" \/><\/p>\n<p style=\"text-align: center; font-size: small;\"><em>M\u00f6gen alle\u00a0<strong>Wesen<\/strong>\u00a0gl\u00fccklich sein und Frieden finden.<\/em><\/p>\n","protected":false},"excerpt":{"rendered":"<p>Ich bin Sjoerd Takken und habe ein Unternehmen mit nat\u00fcrlichen Materialien gegr\u00fcndet. Dieses Unternehmen gestaltet\u00a0 Innenr\u00e4ume mit Lehm,\u00a0 Lehmfarben, pflanzliche Farben und Mineralfarben. Ich bin dankbar, dass ich mit diesen Produkte arbeite.\u00a0 Es ist ein Genuss. Alle Produkte sind auf einfache Weise aufzutragen. Wenn Sie m\u00f6chten, k\u00f6nnen wir auch zusammen arbeiten. Jedes\u00a0 Produkt, das ich [&hellip;]<\/p>\n","protected":false},"author":2,"featured_media":0,"parent":0,"menu_order":0,"comment_status":"open","ping_status":"closed","template":"home.php","meta":{"footnotes":""},"class_list":["post-95","page","type-page","status-publish","hentry"],"_links":{"self":[{"href":"https:\/\/www.naturallifebuilding.de\/index.php?rest_route=\/wp\/v2\/pages\/95","targetHints":{"allow":["GET"]}}],"collection":[{"href":"https:\/\/www.naturallifebuilding.de\/index.php?rest_route=\/wp\/v2\/pages"}],"about":[{"href":"https:\/\/www.naturallifebuilding.de\/index.php?rest_route=\/wp\/v2\/types\/page"}],"author":[{"embeddable":true,"href":"https:\/\/www.naturallifebuilding.de\/index.php?rest_route=\/wp\/v2\/users\/2"}],"replies":[{"embeddable":true,"href":"https:\/\/www.naturallifebuilding.de\/index.php?rest_route=%2Fwp%2Fv2%2Fcomments&post=95"}],"version-history":[{"count":3,"href":"https:\/\/www.naturallifebuilding.de\/index.php?rest_route=\/wp\/v2\/pages\/95\/revisions"}],"predecessor-version":[{"id":1245,"href":"https:\/\/www.naturallifebuilding.de\/index.php?rest_route=\/wp\/v2\/pages\/95\/revisions\/1245"}],"wp:attachment":[{"href":"https:\/\/www.naturallifebuilding.de\/index.php?rest_route=%2Fwp%2Fv2%2Fmedia&parent=95"}],"curies":[{"name":"wp","href":"https:\/\/api.w.org\/{rel}","templated":true}]}}